0?
3
What is the tens digit of 72039?
3
What is the units digit of 12496?
6
What is the ten thousands digit of 21803?
2
What is the hundreds digit of 4575?
5
What is the units digit of 37322?
2
What is the units digit of 6988?
8
What is the hundreds digit of 505?
5
What is the units digit of 15229?
9
What is the hundreds digit of 3677?
6
What is the tens digit of 8890?
9
What is the tens digit of 30965?
6
What is the thousands digit of 3615?
3
What is the ten thousands digit of 13853?
1
What is the units digit of 1146?
6
What is the units digit of 2124?
4
What is the ten thousands digit of 55834?
5
What is the hundreds digit of 91074?
0
What is the units digit of 361?
1
What is the units digit of 48850?
0
What is the hundreds digit of 1647?
6
What is the thousands digit of 8487?
8
What is the units digit of 15333?
3
What is the hundreds digit of 13102?
1
What is the units digit of 462?
2
What is the ten thousands digit of 147441?
4
What is the ten thousands digit of 15641?
1
What is the hundreds digit of 59035?
0
What is the tens digit of 2618?
1
What is the hundreds digit of 1426?
4
What is the tens digit of 5192?
9
What is the hundreds digit of 238?
2
What is the thousands digit of 1780?
1
What is the units digit of 44737?
7
What is the units digit of 3342?
2
What is the units digit of 205?
5
What is the tens digit of 482?
8
What is the ten thousands digit of 31082?
3
What is the hundreds digit of 917?
9
What is the thousands digit of 1533?
1
What is the thousands digit of 51447?
1
What is the units digit of 4578?
8
What is the tens digit of 30635?
3
What is the hundreds digit of 1196?
1
What is the units digit of 16969?
9
What is the units digit of 1530?
0
What is the units digit of 15?
5
What is the units digit of 32049?
9
What is the hundreds digit of 305?
3
What is the hundreds digit of 13665?
6
What is the thousands digit of 44044?
4
What is the tens digit of 1994?
9
What is the hundreds digit of 2312?
3
What is the tens digit of 11409?
0
What is the hundreds digit of 512?
5
What is the thousands digit of 1132?
1
What is the hundreds digit of 2318?
3
What is the thousands digit of 3062?
3
What is the hundreds digit of 338?
3
What is the tens digit of 10005?
0
What is the thousands digit of 1046?
1
What is the hundreds digit of 14826?
8
What is the hundreds digit of 849?
8
What is the hundreds digit of 7518?
5
What is the thousands digit of 32235?
2
What is the tens digit of 10391?
9
What is the tens digit of 2982?
8
What is the ten thousands digit of 27921?
2
What is the hundreds digit of 42246?
2
What is the units digit of 1873?
3
What is the hundreds digit of 4121?
1
What is the thousands digit of 1382?
1
What is the ten thousands digit of 39481?
3
What is the thousands digit of 3663?
3
What is the hundreds digit of 9702?
7
What is the units digit of 25345?
5
What is the units digit of 19305?
5
What is the tens digit of 708?
0
What is the hundreds digit of 645?
6
What is the hundreds digit of 16243?
2
What is the hundreds digit of 14647?
6
What is the units digit of 1824?
4
What is the units digit of 519?
9
What is the units digit of 13599?
9
What is the thousands digit of 3223?
3
What is the units digit of 98601?
1
What is the units digit of 32584?
4
What is the tens digit of 54291?
9
What is the units digit of 969?
9
What is the thousands digit of 23628?
3
What is the thousands digit of 47562?
7
What is the tens digit of 3045?
4
What is the units digit of 591?
1
What is the units digit of 1846?
6
What is the thousands digit of 6967?
6
What is the units digit of 1491?
1
What is the tens digit of 6026?
2
What is the tens digit of 3440?
4
What is the hundreds digit of 9311?
3
What is the tens digit of 155852?
5
What is the ten thousands digit of 28352?
2
What is the units digit of 972?
2
What is the units digit of 136?
6
What is the ten thousands digit of 82244?
8
What is the units digit of 6333?
3
What is the hundreds digit of 265?
2
What is the ten thousands digit of 12712?
1
What is the thousands digit of 6892?
6
What is the hundreds digit of 6933?
9
What is the hundreds digit of 55365?
3
What is the tens digit of 539?
3
What is the tens digit of 14120?
2
What is the tens digit of 10652?
5
What is the tens digit of 344?
4
What is the tens digit of 20846?
4
What is the thousands digit of 4079?
4
What is the ten thousands digit of 13578?
1
What is the hundreds digit of 271?
2
What is the hundreds digit of 1380?
3
What is the tens digit of 651?
5
What is the thousands digit of 2657?
2
What is the units digit of 631?
1
What is the tens digit of 20676?
7
What is the units digit of 10649?
9
What is the ten thousands digit of 35565?
3
What is the tens digit of 25834?
3
What is the ten thousands digit of 92635?
9
What is the hundreds digit of 7080?
0
What is the ten thousands digit of 87433?
8
What is the tens digit of 5418?
1
What is the ten thousands digit of 74909?
7
What is the tens digit of 950?
5
What is the tens digit of 53?
5
What is the tens digit of 11679?
7
What is the units digit of 56334?
4
What is the tens digit of 1727?
2
What is the tens digit of 9750?
5
What is the tens digit of 93?
9
What is the tens digit of 17982?
8
What is the hundreds digit of 594?
5
What is the hundreds digit of 39227?
2
What is the tens digit of 5320?
2
What is the units digit of 2980?
0
What is the tens digit of 53233?
3
What is the units digit of 142?
2
What is the tens digit of 339?
3
What is the units digit of 1662?
2
What is the thousands digit of 6941?
6
What is the tens digit of 5396?
9
What is the tens digit of 6702?
0
What is the tens digit of 7143?
4
What is the tens digit of 1092?
9
What is the hundreds digit of 14314?
3
What is the thousands digit of 90348?
0
What is the hundreds digit of 25131?
1
What is the thousands digit of 2386?
2
What is the thousands digit of 2501?
2
What is the thousands digit of 11561?
1
What is the tens digit of 956?
5
What is the hundreds digit of 1933?
9
What is the hundreds digit of 9179?
1
What is the units digit of 2431?
1
What is the hundreds digit of 7648?
6
What is the hundreds digit of 164364?
3
What is the ten thousands digit of 10258?
1
What is the thousands digit of 19107?
9
What is the hundreds digit of 4013?
0
What is the tens digit of 62840?
4
What is the tens digit of 28669?
6
What is the hundreds digit of 3693?
6
What is the tens digit of 54031?
3
What is the thousands digit of 1568?
1
What is the ten thousands digit of 24819?
2
What is the units digit of 4409?
9
What is the tens digit of 117059?
5
What is the hundreds digit of 45005?
0
What is the tens digit of 10539?
3
What is the ten thousands digit of 57162?
5
What is the thousands digit of 3453?
3
What is the ten thousands digit of 17995?
1
What is the tens digit of 836?
3
What is the units digit of 15279?
9
What is the hundreds digit of 196826?
8
What is the units digit of 558?
8
What is the tens digit of 3148?
4
What is the units digit of 732?
2
What is the thousands digit of 1604?
1
What is the hundreds digit of 297?
2
What is the thousands digit of 1084?
1
What is the units digit of 1896?
6
What is the units digit of 197?
7
What is the ten thousands digit of 38822?
3
What is the tens digit of 2022?
2
What is the ten thousands digit of 111191?
1
What is the units digit of 4192?
2
What is the hundreds digit of 1357?
3
What is the units digit of 62?
2
What is the tens digit of 632?
3
What is the hundreds digit of 513?
5
What is the hundreds digit of 1487?
4
What is the thousands digit of 1469?
1
What is the hundreds digit of 4893?
8
What is the hundreds digit of 4893?
8
What is the tens digit of 10942?
4
What is the hundreds digit of 372?
3
What is the hundreds digit of 8798?
7
What is the ten thousands digit of 56277?
5
What is the tens digit of 980?
8
What is the units digit of 714?
4
What is the tens digit of 268?
6
What is the units digit of 29924?
4
What is the hundreds digit of 1162?
1
What is the units digit of 2684?
4
What is the thousands digit of 6673?
6
What is the thousands digit of 2591?
2
What is the hundreds digit of 1301?
3
What is the units digit of 13?
3
What is the units digit of 90?
0
What is the tens digit of 16655?
5
What is the tens digit of 2056?
5
What is the thousands digit of 6245?
6
What is the tens digit o